{"id":36,"date":"2020-09-09T17:07:38","date_gmt":"2020-09-09T15:07:38","guid":{"rendered":"http:\/\/www.cea-wismar.de\/asim2021\/?page_id=36"},"modified":"2021-01-11T18:32:30","modified_gmt":"2021-01-11T17:32:30","slug":"termine","status":"publish","type":"page","link":"https:\/\/www.cea-wismar.de\/asim2021\/termine\/","title":{"rendered":"Termine"},"content":{"rendered":"\n<p><strong>01.02.2021<\/strong> &#8211; <strong>Einsendeschluss Beitr\u00e4ge<\/strong>* &#8211; Verl\u00e4ngert<br><strong>12.02.2021<\/strong> &#8211; R\u00fcckmeldung \u00fcber Annahme\/Ablehnung<br><strong>22.02.2021<\/strong> &#8211; Einreichen der Langfassung der Beitr\u00e4ge<br><strong>08.03.2021<\/strong> &#8211; Anmeldeschluss f\u00fcr Teilnehmende<\/p>\n\n\n\n<p><strong>11. &#8211; 12.03.2021<\/strong> &#8211; Virtueller Workshop<\/p>\n\n\n\n<p>* Zur Begutachtung eingereicht werden k\u00f6nnen Kurzfassungen (Extended Abstract, 2 Seiten) oder Langfassungen (max. 8 Seiten).<\/p>\n","protected":false},"excerpt":{"rendered":"<p>01.02.2021 &#8211; Einsendeschluss Beitr\u00e4ge* &#8211; Verl\u00e4ngert12.02.2021 &#8211; R\u00fcckmeldung \u00fcber Annahme\/Ablehnung22.02.2021 &#8211; Einreichen der Langfassung der Beitr\u00e4ge08.03.2021 &#8211; Anmeldeschluss f\u00fcr Teilnehmende 11. &#8211; 12.03.2021 &#8211; Virtueller Workshop * Zur Begutachtung eingereicht werden k\u00f6nnen Kurzfassungen (Extended Abstract, 2 Seiten) oder Langfassungen (max. 8 Seiten).<\/p>\n","protected":false},"author":1,"featured_media":0,"parent":0,"menu_order":0,"comment_status":"closed","ping_status":"closed","template":"templates\/template-full-width.php","meta":[],"_links":{"self":[{"href":"https:\/\/www.cea-wismar.de\/asim2021\/wp-json\/wp\/v2\/pages\/36"}],"collection":[{"href":"https:\/\/www.cea-wismar.de\/asim2021\/wp-json\/wp\/v2\/pages"}],"about":[{"href":"https:\/\/www.cea-wismar.de\/asim2021\/wp-json\/wp\/v2\/types\/page"}],"author":[{"embeddable":true,"href":"https:\/\/www.cea-wismar.de\/asim2021\/wp-json\/wp\/v2\/users\/1"}],"replies":[{"embeddable":true,"href":"https:\/\/www.cea-wismar.de\/asim2021\/wp-json\/wp\/v2\/comments?post=36"}],"version-history":[{"count":4,"href":"https:\/\/www.cea-wismar.de\/asim2021\/wp-json\/wp\/v2\/pages\/36\/revisions"}],"predecessor-version":[{"id":205,"href":"https:\/\/www.cea-wismar.de\/asim2021\/wp-json\/wp\/v2\/pages\/36\/revisions\/205"}],"wp:attachment":[{"href":"https:\/\/www.cea-wismar.de\/asim2021\/wp-json\/wp\/v2\/media?parent=36"}],"curies":[{"name":"wp","href":"https:\/\/api.w.org\/{rel}","templated":true}]}}